i**3 + 5*i**2 + 11*i - 26. Let h(a) = -2*a**3 - 75*a**2 - 35*a + 79. Let x be h(-37). What is the remainder when 83 is divided by r(x)?
25
Let m = 166 - -82. Let v = -201 + m. What is the remainder when v is divided by 14?
5
Suppose -2*k - 32*k = 12512. Let b = 492 + k. Calculate the remainder when b is divided by 34.
22
Let v = -10 - -14. Let o be ((-2)/8)/(-4*5/320). Suppose 300 = o*n + 26*n. What is the remainder when n is divided by v?
2
Let m = 1346 + -1263. What is the remainder when m is divided by 21?
20
Let t(b) = b**3 - 3*b**2 + 3*b - 2. Let p(o) = 912*o + 48584. Calculate the remainder when p(-53) is divided by t(3).
3
Suppose 4*r + 3329 = 3*p, 4*p = -4*r + 3500 + 892. What is the remainder when 1107 is divided by p?
4
What is the remainder when 2157 is divided by (-1 - 4)/((-21)/168)?
37
Suppose -9 = -v - 5. Suppose -4*p = 5*b - 5*p - 544, 0 = -v*b + 2*p + 434. Let s = 104 + -66. Calculate the remainder when b is divided by s.
33
Suppose 2*p = -107 + 117. Suppose 517 = p*a + 6*a. Suppose 10*g - a = 223. Calculate the remainder when g is divided by 10.
7
Let v(i) = 2*i**2 - 9*i + 2. What is the remainder when 9007 is divided by v(5)?
5
Suppose 882 = 1119*u - 1110*u. Suppose 5*o - 322 = -5*a + 3*a, 2*a + 74 = o. Let j = -32 + o. Calculate the remainder when u is divided by j.
30
Let n be (-12)/9*21/(-14). Suppose -105 + 37 = -n*y. Calculate the remainder when 52 is divided by y.
18
Suppose 3*b + 28 = 82. Calculate the remainder when b is divided by ((-1)/(2/8))/(-24 + 22).
0
Let o(l) = 69*l + 2064. Calculate the remainder when o(-29) is divided by 24.
15
Let o = -121 + 121. Suppose 4*g - 5*g + 2*t + 32 = o, 0 = -2*g - 3*t + 64. What is the remainder when 122 is divided by g + 5 + -4 + -1?
26
Let i = 5787 - 854. What is the remainder when i is divided by 4?
1
Let a = -4 - -2. Let f be (-147)/a - 7/14 - 1. Let y = 128 - f. What is the remainder when y is divided by 20?
16
Calculate the remainder when -2 + (-1 - -1126) + (-580)/145 is divided by 35.
34
Suppose 2*y = -4*v - 688, 2*v + 5*y = -2*v - 700. Let s = -96 - v. What is the remainder when s is divided by 21?
11
Suppose -5*h + 15 = 3*k, 0 = -0*h - 2*h - 3*k + 15. Let x be (h + -39)/3 + 1 + 1. Let g = 36 + x. Calculate the remainder when g is divided by 4.
1
Let o = 718 + -657. What is the remainder when 350 is divided by o?
45
Let y = 10 + 8. Let q = 24 + -24. Suppose -c + 96 - 55 = q. Calculate the remainder when c is divided by y.
5
Let b(r) = -41*r**2 - 8*r + 75. Let i(o) = -21*o**2 - 4*o + 38. Let a(k) = -3*b(k) + 5*i(k). Calculate the remainder when a(4) is divided by 30.
29
Suppose 12954*z - 69 = 12951*z. What is the remainder when 101 is divided by z?
9
Suppose -2*l + 148 = 2*l. Suppose j + l = -10. Let m = j - -82. What is the remainder when 137 is divided by m?
32
Suppose -234 = -9*y - 36. Suppose 0 = 37*x - y*x - 60. What is the remainder when x is divided by 3?
1
Let d = 30280 + -29995. Calculate the remainder when 1408 is divided by d.
268
Suppose -2*u = -j - 16, 0 = u - 2*j - 15 + 13. Let p(y) = -3*y - 10. Suppose -6*c + 4*c = 18. What is the remainder when p(c) is divided by u?
7
What is the remainder when (-7 - -9 - 1)/((-3)/(-1620)*2) is divided by 77?
39
Let b(u) = -12*u**3 - 44*u**2 - 90*u - 1. Calculate the remainder when 781 is divided by b(-2).
88
Suppose 1308 = 12*x - 624. Let z = -141 + x. What is the remainder when 217 is divided by z?
17
Let z = 11674 + -11655. Calculate the remainder when 219 is divided by z.
10
Let n = 86 + -89. Let f(i) = -7*i + 12. Calculate the remainder when f(n) is divided by 8.
1
Suppose -t = -5*t. Suppose t = m + 2*d - 58, 3*m + 4*d - 164 = -0*d. Calculate the remainder when m is divided by 18.
12
Suppose -14*i + 17*i = -3*l + 6600, -2*i - 3*l + 4408 = 0. Calculate the remainder when i is divided by 1093.
6
Suppose 28 = -3*z + 283. Let o be 1/((-5)/((-175)/(-7))). Let y(u) = u**3 + 8*u**2 + 12*u + 7. What is the remainder when z is divided by y(o)?
19
Let m = -7845 - -7880. Let d = 9 + -3. What is the remainder when m is divided by d?
5
Let m(c) = 7*c + 82. Let t be m(-10). Suppose -105 - 75 = -t*u. Calculate the remainder when u is divided by 8.
7
Let k = -31939 - -31983. Let y = 37 + -22. What is the remainder when k is divided by y?
14
Let l(c) = 13*c + 77. Suppose 0*v + 0*v = -21*v. Let b = -39 - -67. What is the remainder when l(v) is divided by b?
21
Suppose 2381 = 5*v - 145 - 494. Calculate the remainder when v is divided by 151.
0
Let u(h) = h**2 + 33*h - 66. Let s(o) = -o**3 + 8*o**2 - 12*o + 9. What is the remainder when s(4) is divided by u(-35)?
1
Let i(n) = -2*n**3 - 18*n**2 - 17*n + 19. What is the remainder when i(-11) is divided by 172?
2
Let i = -84 + 87. Suppose -4*u = i*p - 10 - 15, -2*u + p + 15 = 0. Suppose -18 = -0*d - 2*d. What is the remainder when d is divided by u?
2
Let d = 59 + -9. Let l = -43 + d. Let a = 48 + -31. What is the remainder when a is divided by l?
3
Let i(d) = 4*d - 8. Let n be i(-6). Let g = n + 57. Suppose 2*h + 119 - 216 = -z, 5*h = -z + 241. What is the remainder when h is divided by g?
23
Suppose -4*x + 28 = -27*u + 29*u, -x - 35 = -3*u. What is the remainder when (-56)/(-42)*909/u is divided by 52?
49
Suppose -k - 709 = 34*b - 39*b, -b + 143 = k. What is the remainder when 2840 is divided by b?
0
Suppose -8*k - 15927 = -30*k + 10781. What is the remainder when k is divided by 251?
210
Let q = 112 - 114. Calculate the remainder when q/7 + (1884/28 - 0) is divided by 27.
13
Suppose -5198 + 725 = -63*j. What is the remainder when 2480 is divided by j?
66
Let c be (-99132)/102 - 2/17. Let w = c - -1431. What is the remainder when w is divided by 46?
45
Suppose -354 = -4*w - 2*i, 0*i + 5 = -5*i. Let c = -70 + 122. Calculate the remainder when w is divided by c.
37
Let i(g) = 122*g + 1. Let n(b) = b**3 + 11*b**2 + 53*b + 121. Calculate the remainder when i(1) is divided by n(-4).
18
Calculate the remainder when 73 is divided by (-14)/(-231) - (-5605)/627.
1
Let u = -6710 + 7584. Calculate the remainder when u is divided by 25.
24
Suppose -3*y + 30 + 2283 = 2*p, 3*p = 2*y + 3437. Calculate the remainder when p is divided by 82.
1
Suppose -1977*c - 48332 = -2020*c. What is the remainder when c is divided by 369?
17
Suppose -4*g + t = -51, -g - 5*t + 0*t = 3. Let v be 0/((g/3 - 3) + -2). Suppose 5*m + 8 - 73 = v. What is the remainder when 25 is divided by m?
12
Let l = -161 + 242. Let a = l + 21. Let t = -89 + a. Calculate the remainder when 36 is divided by t.
10
Let n be 51*2 + (6 - (13 + -4)). Suppose -30*x - n = -639. What is the remainder when x is divided by 4?
2
Let u = 216 + -222. Let r = 3 - u. Calculate the remainder when 9 is divided by r.
0
Let y(m) = -m**3 + 16*m**2 - m + 20. Let g be y(14). Suppose -5*h - 138 = -g. What is the remainder when 467 is divided by h?
51
Let i(a) = 7*a**2 - 63*a + 434. What is the remainder when i(11) is divided by 9?
3
Let a be (7/70*15)/(1/6). Let h(b) = 24*b - 56. Calculate the remainder when h(a) is divided by 23.
22
Suppose k = -16*t + 2064, -387 = -77*t + 74*t + 2*k. Suppose -13 = -2*l - 2*i + 3, 4*l + 5*i = 28. Calculate the remainder when t is divided by l.
9
Let x = 215 - 50. Suppose 2*n = 3*o + 3*n - x, -3*n - 45 = -o. Suppose 3*u - 462 = o. What is the remainder when u is divided by 35?
32
Let s(y) = -4*y - 8. Suppose 7 = -g + 5*i, 4*g - 34 = -4*i + 10. What is the remainder when s(-12) is divided by g?
0
Let h(t) = t**2 - 18*t + 35. Calculate the remainder when 69 is divided by h(19).
15
Suppose 4*h + 22*h - 407 - 61 = 0. What is the remainder when 73 is divided by h?
1
Suppose -175*u + 3*w = -170*u - 5272, 4*w - 24 = 0. Calculate the remainder when u is divided by 175.
8
Let s(a) = -449*a + 25. Let y(o) = 20*o - 1. Calculate the remainder when y(3) is divided by s(0).
9
Suppose 3*z - 2*w - 467 = 0, 6*z - 5*w = 9*z - 481. What is the remainder when 1100 is divided by z?
1
Suppose -4*a + 73 - 25 = 0. Suppose -48 = -3*g + a. Suppose -4*u + 0*w - w + 299 = 0, u = 2*w + 86. Calculate the remainder when u is divided by g.
16
Let u = 308 - 513. Let b = 224 + u. Calculate the remainder when (-165)/(-3) - 0/2 is divided by b.
17
Suppose -95*i + 92*i + 1773 = 3*w, 0 = 5*w + 2*i - 2964. What is the remainder when w is divided by 148?
2
Suppose 